et v(z) = z**2 + z - 1. Let y(m) = -3*m**2 + 3*m + 1. Let j(u) = -2*v(u) - y(u). What is j(5)?
1
Let a(b) = 2*b**2 - 3*b. Let p be a(2). Let g be (-2)/p - 3/3. Let u(n) = -n - 3. Determine u(g).
-1
Let z(x) be the first derivative of -x**3/3 - 5*x**2/2 + 6. Calculate z(-4).
4
Let r(j) = 1 + j - 1. Let d(q) = q**3 - q**2 + q - 1. Let x be d(0). What is r(x)?
-1
Let t(r) = -r**2 - 2*r + 1. Let y(j) = 3*j**2 + 6*j - 2. Let x(o) = -11*t(o) - 4*y(o). Calculate x(-2).
-3
Let i(m) = m - 5. Let b be i(7). Suppose 4*t - 12 = -5*v + b*v, -v = -2*t + 6. Let q(k) = -k**3 - 3 - k + 2*k + v*k**3 + 6*k**2. Calculate q(6).
3
Let x(f) = -7*f**3 + 5*f + 2. Let h(r) = -4*r**3 + 3*r + 1. Let p(m) = -5*h(m) + 3*x(m). Give p(1).
0
Let y(b) = 10*b - 5. Let q(r) = 7*r - 3. Let d(o) = o**2 + 4*o. Let s be d(-5). Let w(l) = s*y(l) - 7*q(l). Determine w(4).
0
Let k = -12 + 15. Let r(m) = -m + 1. Calculate r(k).
-2
Suppose 4*h - 2*q - q = 21, 5*h - 4*q = 27. Let k(v) = 3*v**2 + 1 + 4*v - 4*v**2 + h*v**2. What is k(-3)?
7
Let o be -3*1*(-2 - -1). Let n(v) = -4*v + 2 - 3 + o*v. What is n(5)?
-6
Let z(f) = 0*f**3 - 4*f**2 + 2 + f**3 + 5*f - 2*f**3. Let c = 20 + -25. Calculate z(c).
2
Let y(i) = 13*i - 3*i**2 + 2*i**2 - 10*i - 10 - 4*i. Give y(0).
-10
Let f(p) = -7*p + 6. Let j(s) = -15*s + 13. Let w(l) = 13*f(l) - 6*j(l). Let r be w(-5). Let u(v) = 6*v + 0*v**3 + v**3 - 9*v**2 + 3*v**2 + 1. Calculate u(r).
6
Let s(w) = 4*w - 1 - 2*w**2 - 4 + 1 + 2. What is s(3)?
-8
Let j(w) = -9*w + 3. Let v(s) = -8*s + 2. Let k(c) = 4*j(c) - 5*v(c). Calculate k(-2).
-6
Let a be 6/(-5)*(-160)/144*-3. Let y(l) = l - 5. Determine y(a).
-9
Let n(f) = f + 18. Let d be n(-15). Let s(z) be the first derivative of 3 - 1/4*z**4 - 4/3*z**d - 2*z**2 - 6*z. Calculate s(-4).
10
Suppose -2*g - 3 = -3*g. Suppose 2*f - 5*r + 0*r - 28 = 0, -r + 12 = 4*f. Let y(w) = w - 2*w - 4*w + f + w**2. Give y(g).
-2
Let b(y) = -26*y - 5. Let x(k) = 77*k + 14. Let g(l) = 17*b(l) + 6*x(l). Calculate g(1).
19
Let k(c) = c**3 - c**2 - c - 1. Let u(f) = -f**3 - 12*f**2 + 14*f + 12. Let y(g) = -g**3 - 5*g**2 - 2*g - 5. Let q be y(-4). Let o be u(q). Calculate k(o).
-2
Let r(t) = t**2 + 8*t - 8. Suppose 0 = 4*p - 5*a + 3, 5*p = p - 3*a - 43. What is r(p)?
-15
Suppose -71*n = -70*n. Let l(m) be the second derivative of -1/20*m**5 + n - 1/2*m**2 + 1/4*m**4 + 0*m**3 + 5*m. Calculate l(2).
3
Let q(z) be the third derivative of -z**5/4 - z**4/24 - z**3/6 - 2*z**2. Give q(-1).
-15
Let z be 2/13 + (-960)/156. Let a(y) = 1 - 6*y - 2 - y**2 - 4. Calculate a(z).
-5
Let y(a) = 2*a + 20*a**3 - a**2 - 4*a - 2 - 5*a**2 - 21*a**3. What is y(-6)?
10
Let w(f) = 2*f + f**3 + 4*f + 2 + 5*f**2 + 4. Suppose 3*v - 3 = 2*r, 0*v = 4*v - 12. Suppose r*h + h = -16. Determine w(h).
-2
Let o(u) = u - 4. Let j be o(4). Let n(r) = r + 5. Let c(l) = -6*l - 26. Let t(p) = -2*c(p) - 11*n(p). Calculate t(j).
-3
Let d(t) = t - 2. Suppose 0 = -o + 5*o + 4. Let m(k) = -5 + 9*k**2 - 12*k**2 + 2 + 2. Let q be m(o). What is d(q)?
-6
Suppose 2*s - 5 = 19. Let n be (-16)/s*(3 - 0). Let p(w) = 4 + w**3 + 5*w**2 + 4*w + 4*w - 2*w. Give p(n).
-4
Suppose 0 = -4*p + f + 24, 0 = -15*p + 17*p + 5*f - 34. Let u(m) = 3 + m**3 + 0 + 0*m**2 + 6*m - 8*m**2. Calculate u(p).
-4
Let f(y) = 4*y**2 + 1. Let c(t) = -2*t + 15. Let s = -11 + 18. Let d be c(s). What is f(d)?
5
Let n(a) = 2*a**2 + 10*a + 3. Let g(p) = -p**2 - 5*p - 1. Let k(x) = -5*g(x) - 3*n(x). What is k(-3)?
2
Let c(j) = j - 6. Suppose -3*n + 2*n + 5 = 0. Calculate c(n).
-1
Let w(n) be the first derivative of -n - 3/2*n**2 - 1 - 1/3*n**3. Let b(v) = -v**3 - 8*v**2 + v + 5. Let j be b(-8). Calculate w(j).
-1
Suppose -7*t + 12 = -4*t. Let d = t + -5. Let f(m) = 4*m**2 + m. Give f(d).
3
Let g(o) be the first derivative of o**2/2 + 2*o - 4. Calculate g(6).
8
Let l(j) = 3*j**2 + 0*j + 5*j - 4*j**2 - 2. What is l(5)?
-2
Let x(b) = b**2 - 1. Let v(c) = c**3 + 8*c**2 - 9*c - 3. Let n(f) = v(f) - x(f). What is n(-8)?
6
Let u(v) = -v. Let d(q) = 0*q**2 + 3*q - 5 + 2 - 2*q**2. Let w be d(2). Let n(c) = c**3 + 6*c**2 + 5*c + 3. Let a be n(w). Determine u(a).
-3
Let a(g) = -3*g + 5. Let n(m) = -m. Let f(j) = -a(j) + 4*n(j). Let y be f(-5). Let l(q) = 7 + q**2 - q - 3 + 0. Determine l(y).
4
Let r(z) be the third derivative of z**6/60 - z**5/15 + z**4/12 + z**3/3 + 11*z**2. Let k = -8 + 6. Let j be 0 - k - 0/(-2). Calculate r(j).
6
Suppose 0 = 4*p + p - m - 32, -5*p = -2*m - 34. Let l be 4/((-1)/(1/(-2))). Let v(g) = 8*g**2 + 0 + 4 + 5*g - 4*g**l - 5*g**2. What is v(p)?
-2
Let m(o) = -o**2 + 2*o - 1. Let l be m(2). Let c(s) = -s + 0 - s**2 + 0 - 1. What is c(l)?
-1
Let p(d) = d**3 + 3*d**2 - 5*d + 2. Suppose -c - 5*j = 6 - 0, -4*j - 6 = 2*c. Let i = 3 + c. Let o = -6 + i. Determine p(o).
6
Let m(p) = -p - 3*p - 8*p**2 - p**3 + 8 - p. Suppose 2*v + 9 = -5. What is m(v)?
-6
Let s(q) = -5*q**3 + 0*q**3 + 7*q + 4*q**3 + 9 - 5*q**2. Suppose -3*f - 48 = 144. Let x be (-2)/3 + f/12. What is s(x)?
3
Suppose -3*y + 3*d = -3, 12 = 4*y + d - 3*d. Let q(l) = y*l + 3*l + 3 + 0*l - 4*l + l**2. Calculate q(-4).
3
Suppose b + 4 = -b. Let d(n) = 3*n**2 + 4*n + 2. Give d(b).
6
Suppose -12 = -2*i - r, -i + 4*r - 7 = 5. Suppose i*y = -0*y - 4. Let m(z) be the third derivative of z**5/20 - z**2. Calculate m(y).
3
Let a(o) = -o**3 + 2*o**2 + o. Let k = -27 - -45. Let q = -15 + k. What is a(q)?
-6
Suppose 5*n - 12 = n. Let u(v) = 2*v - 3. Let t be u(n). Let s(q) = q**2 - 3*q + 3. Determine s(t).
3
Suppose 7*i + 4 = 25. Let r(y) = y**2 - 4*y - 3. Calculate r(i).
-6
Let x(m) = m**2 + 4*m - 2. Let g be x(-5). Let t(n) = 2 - g - 2*n + 0 - 3*n. What is t(1)?
-6
Let r = -1 + -1. Let m be r - 3/3*-6. Let l(f) be the second derivative of -f**3/6 + 5*f**2/2 + f. Determine l(m).
1
Let z(v) = -v**2 + 5*v - 3. Let x be z(3). Let h be (-64)/12 + 1/x. Let m(a) = a**2 + 6*a + 3. What is m(h)?
-2
Let b(v) = 3*v + 5. Let o = -20 - -11. Let g(d) = -d**2 - 7*d + 13. Let x be g(o). Determine b(x).
-10
Let w(x) = x**3 - 3*x**2 + x - 4. Let j(z) = z**3 + 20*z**2 - 19*z + 45. Let r be j(-21). What is w(r)?
-1
Let w(l) = -2*l - 10. Let o(d) = -4*d - 19. Let n(q) = 4*o(q) - 7*w(q). Let s(u) = -u**3 + 3*u**2 - 3*u + 3. Let b be s(3). What is n(b)?
6
Let r(s) = s**3 - s**2 + s + 1. Let d(o) = -5*o**3 - o**2 - 5*o - 3. Let z(m) = -d(m) - 3*r(m). Let n be 2/4*2 - 3. Give z(n).
-4
Let p = 8 + -8. Let v be (3 + -4)*-1*p. Let t(l) = -l - 4. What is t(v)?
-4
Let h(g) = 35*g**3 - 3*g**2 + 5*g + 3. Let w(k) = -18*k**3 + 2*k**2 - 3*k - 2. Let v(x) = -3*h(x) - 5*w(x). Determine v(1).
-15
Let m(t) = 7*t**2 - 8*t + 8. Let r(v) = -3*v**2 + 4*v - 4. Let g(y) = -2*m(y) - 5*r(y). Give g(4).
4
Let w be 1/(-3) + (-3)/(-9). Suppose -3*q - 2 - 7 = w. Let b(a) = a**3 + 4*a**2 + a + 1. Give b(q).
7
Let a(x) = 6*x - 2*x**2 + 16*x**2 - 7*x**2 - 6*x**2. Calculate a(-5).
-5
Let j be 8 + -10 + 10/2. Suppose 20 = 5*k + 5*l, 5*k = 3*l + 14 - 2. Let f(u) = -u**3 + 2*u**2 + 2*u - u**k - 4 + u**3. Determine f(j).
-7
Let y(m) = -m**3 + 10*m**2 + 11*m + 2. Let r = 5 - -6. Let g be y(r). Let a(p) = -g + 0*p - 2*p + 4*p - 2. What is a(4)?
4
Let j = -130 + 127. Let y(u) = -u**2 + u + 4. Determine y(j).
-8
Let z = 3 + -4. Let b(r) = 8*r**2 + r. Determine b(z).
7
Suppose -5*x + 21 = 6. Suppose -c + 72 = x*c. Let f be (-4)/18 + 4/c. Let l(u) = u + 1. Determine l(f).
1
Let q(i) = -2*i**3 - i**2 - 10*i - 2. Let v(a) = a**3 + a**2 + a - 1. Let p(g) = g**2 - 9*g + 5. Let n be p(8). Let y(k) = n*v(k) - q(k). Give y(-4).
9
Suppose 3*a + 2 = 5*l, 4*l - 2*a + 4 = -a. Let v(n) = -n**2 - 4*n - 3. Calculate v(l).
1
Let w(b) = 4*b + 19. Let d be w(-3). Let q(r) = r - 11. What is q(d)?
-4
Let z = 11 - 12. Let v(y) = -y + 1. Let a(j) = 4. Let n(u) = z*a(u) + v(u). What is n(-7)?
4
Let x(z) = z**3 - 4*z**2 - 5*z + 3. Let v be x(5). Let y(c) = -2*c + 2*c**2 - 1 + v*c + 0*c**2. Calculate y(2).
9
Let y be -4*9/(-6)*1. Let m be y/27 - (-52)/9. Let r(p) = -p**2 + 5*p + 4. Give r(m).
-2
Let c(s) be the second derivative of -s**4/12 + s**3/2 + 7*s**2/2 - 7*s. What is c(6)?
-11
Let u(g) = -g - 5. Suppose 2*x - 2*s - 22 = 0, -3*x = x + 2*s - 14. What is u(x)?
-11
Let o(m) be the second derivative of m**4/12 + m**3/2 + 3*m**2/2 + 10*m. Determine o(-3).
3
Let k(u) = -3 + 8*u + 0 - 7*u**2 + 5*u**3 + 0*u**2 - 4*u**3. Let c = -2 + 8. Calculate 